 -8*z**2 - 22*z - 34. Let b(p) = 4*p**2 + 10*p + 17. Let d(k) = 7*b(k) + 3*l(k). What is the tens digit of d(6)?
8
Let u = 24 + -28. Let q be 3/2*(u - -22). Suppose 0 = -p - 2*l + q + 31, -4*p + 257 = 3*l. What is the tens digit of p?
6
Let s(v) = 23*v**2 + 4*v - 757. What is the thousands digit of s(-24)?
2
Let u = 101882 - 66856. What is the thousands digit of u?
5
Suppose -j + 3 = -5*v, 5*j + 7*v - 15 = 8*v. Suppose j*n - 11 = -5. What is the units digit of n?
2
Let l(x) = -6*x**3 + x**2 + 30*x + 62. What is the units digit of l(-12)?
4
Let c = 19 + -14. Suppose -c*k - 8 = 4*t, t + 4*k + 7 = -2*t. Suppose -155 = -3*q - 5*y, -2*q + 253 = t*q + 3*y. What is the tens digit of q?
5
What is the hundreds digit of 351/156 - 71637/(-12)?
9
Suppose -5*q + 2178 - 704 = 2*t, 0 = 3*t - 5*q - 2261. What is the tens digit of t?
4
What is the tens digit of (30/(-26) - -1) + (-20 - 4057775/(-299))?
5
Let i = -47 + 77. Let q = -45 + i. Let z = q - -68. What is the units digit of z?
3
Let r(q) be the first derivative of -15*q**2 - 79*q + 103. What is the tens digit of r(-9)?
9
Let c(a) = 3*a - 27. Let v be c(10). Suppose -4*m - 4*u = 4, m + v*u - 1 = -12. Suppose -2*s + w = -0*s - 122, 0 = -w + m. What is the tens digit of s?
6
Let q = 7827 - 7840. Suppose -4*f + 98 = -70. Let n = f + q. What is the units digit of n?
9
Suppose -31*v = -49*v + 113904. What is the thousands digit of v?
6
Let f(l) = -5*l - 7. Let o(y) = y - 1. Let i(q) = f(q) + 2*o(q). Let t = -158 + 151. What is the units digit of i(t)?
2
What is the thousands digit of 32263 - (-720)/240*(-10)/(-6)?
2
Suppose 2*c + 6 - 1 = 5*g, -4*c + 29 = 3*g. Let n(l) = 31*l**2 - 8*l + 26. What is the tens digit of n(g)?
8
Suppose 5 = 2*c + 23. Let u be (0 + (-3)/c)/((-5)/30). What is the units digit of 163 - (u/1 + -4 + 8)?
1
Let f = 5657 + 16052. What is the ten thousands digit of f?
2
Suppose 0 = -2*h - 6, -1745 = -2*t + 31*h - 26*h. What is the tens digit of t?
6
Suppose -2*q + 793 + 219 = 0. Let g = q + -43. What is the hundreds digit of g?
4
Let x be (-4)/10*((-15)/(-6))/(-1). Let q(h) = 428*h + 3. What is the hundreds digit of q(x)?
4
Suppose -164 = -b + 98. Suppose 3*k = -5*j + 633, 3*k - 383 - b = -j. Suppose 3*d + 5*r + k = 567, 5*d = -3*r + 569. What is the units digit of d?
2
Suppose 16*k - 153463 - 175465 = 0. What is the ten thousands digit of k?
2
Suppose -q = 5*n - 2706 - 8423, -4 = 4*q. What is the hundreds digit of n?
2
Suppose 0 = m + 6*x - 3*x - 93780, 15*m - 3*x - 1406796 = 0. What is the units digit of m?
6
Let t(f) = -f**3 + 23*f**2 - 60*f - 16. Let s be (18 - 2) + -3 + 5. What is the units digit of t(s)?
4
Suppose 5 + 20 = -5*m, 0 = 2*j + m - 15667. Suppose -98*a + 104*a = j. What is the hundreds digit of a?
3
Let b(j) = -2*j**2 - 21*j - 8. Let o be b(-10). Let f be 2/(-4) - (-3)/o. What is the units digit of 1/(1 + f)*(-14878)/(-43)?
3
Let h be (6 - 5)*(-1 + 28/2). Let m = h + -10. Suppose m*c = c + 154. What is the tens digit of c?
7
Suppose -5*g + 405 = 5*l, 3*l - l - g = 171. Let u(j) = j**3 + 10*j**2 + 9*j - 4. Let k be u(-8). Let v = l - k. What is the units digit of v?
2
Let m be -1 + 6 + 13 - (-2 - 0). What is the units digit of 83 + m/(2 + 3)?
7
Let h be 1 + 1 + 675/5. Let a = h - 94. Let s = 124 - a. What is the tens digit of s?
8
What is the tens digit of (0/8)/(-13) - -7728?
2
Suppose -102 - 498 = -2*w. Suppose w = -3*v + 2031. What is the hundreds digit of v?
5
Let x(z) = -z**3 + 24*z**2 - 69*z + 130. Let y be x(21). Let q = 7 - 2. Suppose 4*u = 4, i + y*i + q*u - 190 = 0. What is the units digit of i?
7
Suppose -6132 = -25*v + 24*v - 2*w, -24516 = -4*v - 4*w. What is the units digit of v?
6
Let m(k) = -2*k**2 + 2*k - 25. Let h be m(-6). Let x = -7 - h. Let f = 216 - x. What is the units digit of f?
4
Suppose -9*o - 13*o = 528. Let g = 54 - o. What is the tens digit of g?
7
Let k(u) = 77*u**2 - 19*u - 206. What is the thousands digit of k(-10)?
7
Suppose -y - 28 = -22. What is the tens digit of y - (6 - 55*4)?
0
Suppose -5*g = -h + 227, -2*h = 13*g - 8*g - 379. Let r be 238*((-10)/4 + 2). Let p = h + r. What is the tens digit of p?
8
Let r(v) = -6127*v**3 - 3*v**2 + 22*v + 48. What is the ten thousands digit of r(-2)?
4
Let d(l) = 3*l**2 + 9*l - 64. Let j be d(-8). Let g be -37 - 1/((-2)/(-4)). Let t = j + g. What is the units digit of t?
7
Suppose 10*z = -r + 8*z + 22240, -3*r + 5*z + 66676 = 0. What is the units digit of r?
2
Suppose 19*i = 18*i - 3*l + 52811, 3*i - 2*l = 158499. What is the thousands digit of i?
2
Let m = 6215 - -5725. What is the ten thousands digit of m?
1
Suppose 0 = -g - 4*s + 8, -5*g + 3*s = -0*g - 17. Let l be 8/2 + 1988/g. Suppose -l = -4*p + 3*k, k = p - 0*p - 125. What is the units digit of p?
6
Let w(t) = -86*t**2 - t + 8. Suppose 8*r = 3*r - 65. Let s(u) = -172*u**2 - 2*u + 17. Let g(l) = r*w(l) + 6*s(l). What is the tens digit of g(1)?
8
Let u(f) = f**2 - 48*f + 2. Let q be u(48). Suppose -n = -2*c + 1586, 0 = q*c - c - n - 791. What is the units digit of c?
5
Let m be 26/((-9)/27 + (-5)/(-12)). What is the hundreds digit of -6 + (m - 5) + -2?
2
What is the thousands digit of (19134 - (-2 - -3)) + 16?
9
Let s = 71 - 131. Let o = 46 + s. What is the units digit of (88/2)/((-4)/o)?
4
Let h(j) = j + 22. Let l be h(-18). Let k be ((-9)/l)/((-48)/128). Suppose 396 + 150 = k*f. What is the units digit of f?
1
Suppose -62*q = -891472 - 342778 - 1268008. What is the units digit of q?
9
Let z(v) = -3*v + 9. Let o be z(3). Suppose -6 = -c - c. Suppose o = 5*f - 4*r - 343, c*f + r = -2*r + 195. What is the units digit of f?
7
Let v be 0 - (-2)/((-4)/(-214)). Let z = -548 + 551. Suppose -d = -8*w + z*w - 77, -5*w = d - v. What is the tens digit of d?
9
Suppose 0 = 9*m + 179 - 17. Let d = -17 - m. What is the tens digit of (-133 + -5)/(d - 3)?
6
Suppose 6*b - 238273 = -137*b + 64601. What is the thousands digit of b?
2
Let n(q) = 281*q**3 + 12*q**2 - 19*q - 47. What is the hundreds digit of n(3)?
5
Suppose 37*p - 456*p + 8064350 = -344980. What is the hundreds digit of p?
0
Let y be 1/(-1) - (-1)/1. Suppose -5*s + 568 - 53 = y. What is the units digit of s?
3
What is the tens digit of 100/(-7 - 63/(-700)*78)?
0
Suppose 15 = 2*f + 25. Let u = 11 + f. What is the units digit of (u/4)/((-2)/(-76))?
7
Let q = 16 + -35. Let a = -3 + q. Let b = a - -59. What is the tens digit of b?
3
Suppose -13*c + 6*c = 6020. Let f = c + 1333. What is the units digit of f?
3
Let g be (2 + (-2 - 0))/(-5 + 4). Suppose 0*q - 7*q + 441 = g. What is the units digit of ((-9)/(-6))/(q/(-64) - -1)?
6
Let d = 10978 + -3297. What is the hundreds digit of d?
6
Suppose -3*c + 9 = g, 4*c + 2*g - g - 12 = 0. Suppose -c*d = -5*b + 1543, -b + d = 4*d - 305. What is the units digit of b?
8
Suppose 14*j = 37794 + 23050. What is the thousands digit of j?
4
Let k be (-2)/16 - 374/(-176). Suppose 0 = y + 5*w - 1029, k*y + y - 3167 = 5*w. What is the tens digit of y?
4
Let t(v) = -4*v + 23. Let j be t(5). Let w be (70/j)/(-7) + (-1)/(-3). What is the hundreds digit of ((-17)/((-170)/(-72)))/(w/50)?
1
Suppose 0 = 5*h + 2*u - 11244, 3*u - 2*u = 2*h - 4503. Suppose -15*p = -5*p - h. What is the tens digit of p?
2
Let u(r) = r**3 + 4*r**2 - r. Let l be u(-5). Let x be 5*(-30)/(-25) + -4. What is the units digit of (-7)/((-35)/l)*(-37)/x?
4
Suppose -10*m + 305 = 1625. Let s = m - -206. What is the tens digit of s?
7
Suppose 0 = 5*p - 4*m + 30177 - 194821, 2*p + 2*m - 65836 = 0. What is the hundreds digit of p?
9
Suppose 45*p + 712355 - 1038911 = 892629. What is the units digit of p?
3
Let x = -17747 - -62426. What is the thousands digit of x?
4
What is the units digit of (700272/10)/8 - (-4)/20*-2?
3
Suppose 19*v - 555104 = -0*v. Suppose -21*q - q = -v. What is the hundreds digit of q?
3
Let a(b) = 9 + 14971*b + 4*b**2 - 125*b**3 - 3 - 14956*b. What is the tens digit of a(-2)?
9
Let u = -40 + 39. Let d be 3*3/9 - u. Suppose 5*m + 60 = -3*k + 240, 2*k + d*m = 120. What is the tens digit of k?
6
Let y(j) = -3*j**2 + 7. Let h(a) = -a - 1. Let i(z) = 4*h(z) - y(z). Suppose -3*m - 28 = -4*c, -8 + 37 = -3*m + 5*c. What is the units digit of i(m)?
3
Let h(i) = -i**2 - 7*i - 4. Let v be h(-6). Let j = v + 2. Suppose 35 = j*p + 3*p. What is the units digit of p?
5
Let g(f) = f**3 + 2*f**2 - 5*f - 6. Let 